{"id":87,"date":"2021-02-14T12:22:11","date_gmt":"2021-02-14T11:22:11","guid":{"rendered":"http:\/\/bodegasgarridomedrano.com\/wp\/?page_id=87"},"modified":"2021-02-16T12:43:41","modified_gmt":"2021-02-16T11:43:41","slug":"vina-avelina-crianza","status":"publish","type":"page","link":"https:\/\/bodegasgarridomedrano.com\/wp\/vina-avelina-crianza\/","title":{"rendered":"Vi\u00f1a Avelina Crianza"},"content":{"rendered":"\n<div class=\"wp-block-media-text alignwide is-stacked-on-mobile\"><figure class=\"wp-block-media-text__media\"><img loading=\"lazy\" decoding=\"async\" width=\"330\" height=\"820\" src=\"http:\/\/bodegasgarridomedrano.com\/wp\/wp-content\/uploads\/2021\/02\/avelicrianza.jpg\" alt=\"\" class=\"wp-image-93 size-full\" srcset=\"https:\/\/bodegasgarridomedrano.com\/wp\/wp-content\/uploads\/2021\/02\/avelicrianza.jpg 330w, https:\/\/bodegasgarridomedrano.com\/wp\/wp-content\/uploads\/2021\/02\/avelicrianza-121x300.jpg 121w\" sizes=\"auto, (max-width: 330px) 100vw, 330px\" \/><\/figure><div class=\"wp-block-media-text__content\">\n<p><\/p>\n\n\n\n<p><strong>Variedades<\/strong>&nbsp;\u2014 85% tempranillo 15% Viura<\/p>\n\n\n\n<p><strong>Grado Alcoh\u00f3lico&nbsp;<\/strong>\u2014 14<sup>o<\/sup><\/p>\n\n\n\n<p><strong>Elaboraci\u00f3n<\/strong>:<\/p>\n\n\n\n<p>Utilizamos exclusivamente uvas de&nbsp;Rioja Alavesa, seleccionando la uvas de nuestras mejores fincas.&nbsp;<\/p>\n\n\n\n<p>Elaboramos este vino siguiendo el m\u00e9todo de la maceraci\u00f3n carb\u00f3nica seleccionando \u00fanicamente la parte central de cada dep\u00f3sito.&nbsp;Descansa durante 12 meses en barrica de roble americano&nbsp;y franc\u00e9s y 6 meses en botella.<\/p>\n\n\n\n<p><strong>Cata:<\/strong><\/p>\n\n\n\n<p>Color&nbsp;brillante rojo picota con tonos viol\u00e1ceos. En&nbsp;nariz intensidad media-alta con aromas a&nbsp;frutos rojas maduras.&nbsp;En&nbsp;boca&nbsp;se vuelve a percibir el sabor a fruta y regaliz acompa\u00f1ado de una ligera sensaci\u00f3n carb\u00f3nica, con acidez perfecta que aporta frescura y compensa su grado alcoh\u00f3lico, esto hace que sea f\u00e1cil de beber con entrada suculenta, retrogusto sabroso y persistente.<\/p>\n\n\n\n<p><strong>Temperatura de servicio:<\/strong>&nbsp;15<sup>o<\/sup>&nbsp;C a 17<sup>o<\/sup>&nbsp;C<\/p>\n\n\n\n<p><strong>Oxigenar 30 minutos antes de servir.<\/strong><\/p>\n<\/div><\/div>\n\n\n\n<p><\/p>\n","protected":false},"excerpt":{"rendered":"<p>Variedades&nbsp;\u2014 85% tempranillo 15% Viura Grado Alcoh\u00f3lico&nbsp;\u2014 14o Elaboraci\u00f3n: Utilizamos exclusivamente uvas de&nbsp;Rioja Alavesa, seleccionando la uvas de nuestras mejores fincas.&nbsp; Elaboramos este vino siguiendo el m\u00e9todo de la maceraci\u00f3n carb\u00f3nica seleccionando \u00fanicamente la parte central de cada dep\u00f3sito.&nbsp;Descansa durante 12 meses en barrica de roble americano&nbsp;y franc\u00e9s y 6 meses en botella. Cata: Color&nbsp;brillante&hellip; <\/p>\n","protected":false},"author":1,"featured_media":0,"parent":0,"menu_order":0,"comment_status":"closed","ping_status":"closed","template":"","meta":{"footnotes":""},"class_list":["post-87","page","type-page","status-publish","hentry"],"yoast_head":"<!-- This site is optimized with the Yoast SEO plugin v27.5 - https:\/\/yoast.com\/product\/yoast-seo-wordpress\/ -->\n<title>Vi\u00f1a Avelina Crianza - Bodegas Garrido Medrano<\/title>\n<meta name=\"robots\" content=\"index, follow, max-snippet:-1, max-image-preview:large, max-video-preview:-1\" \/>\n<link rel=\"canonical\" href=\"https:\/\/bodegasgarridomedrano.com\/wp\/vina-avelina-crianza\/\" \/>\n<meta property=\"og:locale\" content=\"es_ES\" \/>\n<meta property=\"og:type\" content=\"article\" \/>\n<meta property=\"og:title\" content=\"Vi\u00f1a Avelina Crianza - Bodegas Garrido Medrano\" \/>\n<meta property=\"og:description\" content=\"Variedades&nbsp;\u2014 85% tempranillo 15% Viura Grado Alcoh\u00f3lico&nbsp;\u2014 14o Elaboraci\u00f3n: Utilizamos exclusivamente uvas de&nbsp;Rioja Alavesa, seleccionando la uvas de nuestras mejores fincas.&nbsp; Elaboramos este vino siguiendo el m\u00e9todo de la maceraci\u00f3n carb\u00f3nica seleccionando \u00fanicamente la parte central de cada dep\u00f3sito.&nbsp;Descansa durante 12 meses en barrica de roble americano&nbsp;y franc\u00e9s y 6 meses en botella. Cata: Color&nbsp;brillante&hellip;\" \/>\n<meta property=\"og:url\" content=\"https:\/\/bodegasgarridomedrano.com\/wp\/vina-avelina-crianza\/\" \/>\n<meta property=\"og:site_name\" content=\"Bodegas Garrido Medrano\" \/>\n<meta property=\"article:modified_time\" content=\"2021-02-16T11:43:41+00:00\" \/>\n<meta property=\"og:image\" content=\"http:\/\/bodegasgarridomedrano.com\/wp\/wp-content\/uploads\/2021\/02\/avelicrianza.jpg\" \/>\n<meta name=\"twitter:card\" content=\"summary_large_image\" \/>\n<meta name=\"twitter:label1\" content=\"Tiempo de lectura\" \/>\n\t<meta name=\"twitter:data1\" content=\"1 minuto\" \/>\n<script type=\"application\/ld+json\" class=\"yoast-schema-graph\">{\"@context\":\"https:\\\/\\\/schema.org\",\"@graph\":[{\"@type\":\"WebPage\",\"@id\":\"https:\\\/\\\/bodegasgarridomedrano.com\\\/wp\\\/vina-avelina-crianza\\\/\",\"url\":\"https:\\\/\\\/bodegasgarridomedrano.com\\\/wp\\\/vina-avelina-crianza\\\/\",\"name\":\"Vi\u00f1a Avelina Crianza - Bodegas Garrido Medrano\",\"isPartOf\":{\"@id\":\"https:\\\/\\\/bodegasgarridomedrano.com\\\/wp\\\/#website\"},\"primaryImageOfPage\":{\"@id\":\"https:\\\/\\\/bodegasgarridomedrano.com\\\/wp\\\/vina-avelina-crianza\\\/#primaryimage\"},\"image\":{\"@id\":\"https:\\\/\\\/bodegasgarridomedrano.com\\\/wp\\\/vina-avelina-crianza\\\/#primaryimage\"},\"thumbnailUrl\":\"http:\\\/\\\/bodegasgarridomedrano.com\\\/wp\\\/wp-content\\\/uploads\\\/2021\\\/02\\\/avelicrianza.jpg\",\"datePublished\":\"2021-02-14T11:22:11+00:00\",\"dateModified\":\"2021-02-16T11:43:41+00:00\",\"breadcrumb\":{\"@id\":\"https:\\\/\\\/bodegasgarridomedrano.com\\\/wp\\\/vina-avelina-crianza\\\/#breadcrumb\"},\"inLanguage\":\"es\",\"potentialAction\":[{\"@type\":\"ReadAction\",\"target\":[\"https:\\\/\\\/bodegasgarridomedrano.com\\\/wp\\\/vina-avelina-crianza\\\/\"]}]},{\"@type\":\"ImageObject\",\"inLanguage\":\"es\",\"@id\":\"https:\\\/\\\/bodegasgarridomedrano.com\\\/wp\\\/vina-avelina-crianza\\\/#primaryimage\",\"url\":\"https:\\\/\\\/bodegasgarridomedrano.com\\\/wp\\\/wp-content\\\/uploads\\\/2021\\\/02\\\/avelicrianza.jpg\",\"contentUrl\":\"https:\\\/\\\/bodegasgarridomedrano.com\\\/wp\\\/wp-content\\\/uploads\\\/2021\\\/02\\\/avelicrianza.jpg\",\"width\":330,\"height\":820},{\"@type\":\"BreadcrumbList\",\"@id\":\"https:\\\/\\\/bodegasgarridomedrano.com\\\/wp\\\/vina-avelina-crianza\\\/#breadcrumb\",\"itemListElement\":[{\"@type\":\"ListItem\",\"position\":1,\"name\":\"Portada\",\"item\":\"https:\\\/\\\/bodegasgarridomedrano.com\\\/wp\\\/\"},{\"@type\":\"ListItem\",\"position\":2,\"name\":\"Vi\u00f1a Avelina Crianza\"}]},{\"@type\":\"WebSite\",\"@id\":\"https:\\\/\\\/bodegasgarridomedrano.com\\\/wp\\\/#website\",\"url\":\"https:\\\/\\\/bodegasgarridomedrano.com\\\/wp\\\/\",\"name\":\"Bodegas Garrido Medrano\",\"description\":\"Rioja\",\"publisher\":{\"@id\":\"https:\\\/\\\/bodegasgarridomedrano.com\\\/wp\\\/#organization\"},\"potentialAction\":[{\"@type\":\"SearchAction\",\"target\":{\"@type\":\"EntryPoint\",\"urlTemplate\":\"https:\\\/\\\/bodegasgarridomedrano.com\\\/wp\\\/?s={search_term_string}\"},\"query-input\":{\"@type\":\"PropertyValueSpecification\",\"valueRequired\":true,\"valueName\":\"search_term_string\"}}],\"inLanguage\":\"es\"},{\"@type\":\"Organization\",\"@id\":\"https:\\\/\\\/bodegasgarridomedrano.com\\\/wp\\\/#organization\",\"name\":\"Bodegas Garrido Medrano\",\"url\":\"https:\\\/\\\/bodegasgarridomedrano.com\\\/wp\\\/\",\"logo\":{\"@type\":\"ImageObject\",\"inLanguage\":\"es\",\"@id\":\"https:\\\/\\\/bodegasgarridomedrano.com\\\/wp\\\/#\\\/schema\\\/logo\\\/image\\\/\",\"url\":\"http:\\\/\\\/bodegasgarridomedrano.com\\\/wp\\\/wp-content\\\/uploads\\\/2021\\\/02\\\/icono2.jpg\",\"contentUrl\":\"http:\\\/\\\/bodegasgarridomedrano.com\\\/wp\\\/wp-content\\\/uploads\\\/2021\\\/02\\\/icono2.jpg\",\"width\":248,\"height\":292,\"caption\":\"Bodegas Garrido Medrano\"},\"image\":{\"@id\":\"https:\\\/\\\/bodegasgarridomedrano.com\\\/wp\\\/#\\\/schema\\\/logo\\\/image\\\/\"}}]}<\/script>\n<!-- \/ Yoast SEO plugin. -->","yoast_head_json":{"title":"Vi\u00f1a Avelina Crianza - Bodegas Garrido Medrano","robots":{"index":"index","follow":"follow","max-snippet":"max-snippet:-1","max-image-preview":"max-image-preview:large","max-video-preview":"max-video-preview:-1"},"canonical":"https:\/\/bodegasgarridomedrano.com\/wp\/vina-avelina-crianza\/","og_locale":"es_ES","og_type":"article","og_title":"Vi\u00f1a Avelina Crianza - Bodegas Garrido Medrano","og_description":"Variedades&nbsp;\u2014 85% tempranillo 15% Viura Grado Alcoh\u00f3lico&nbsp;\u2014 14o Elaboraci\u00f3n: Utilizamos exclusivamente uvas de&nbsp;Rioja Alavesa, seleccionando la uvas de nuestras mejores fincas.&nbsp; Elaboramos este vino siguiendo el m\u00e9todo de la maceraci\u00f3n carb\u00f3nica seleccionando \u00fanicamente la parte central de cada dep\u00f3sito.&nbsp;Descansa durante 12 meses en barrica de roble americano&nbsp;y franc\u00e9s y 6 meses en botella. Cata: Color&nbsp;brillante&hellip;","og_url":"https:\/\/bodegasgarridomedrano.com\/wp\/vina-avelina-crianza\/","og_site_name":"Bodegas Garrido Medrano","article_modified_time":"2021-02-16T11:43:41+00:00","og_image":[{"url":"http:\/\/bodegasgarridomedrano.com\/wp\/wp-content\/uploads\/2021\/02\/avelicrianza.jpg","type":"","width":"","height":""}],"twitter_card":"summary_large_image","twitter_misc":{"Tiempo de lectura":"1 minuto"},"schema":{"@context":"https:\/\/schema.org","@graph":[{"@type":"WebPage","@id":"https:\/\/bodegasgarridomedrano.com\/wp\/vina-avelina-crianza\/","url":"https:\/\/bodegasgarridomedrano.com\/wp\/vina-avelina-crianza\/","name":"Vi\u00f1a Avelina Crianza - Bodegas Garrido Medrano","isPartOf":{"@id":"https:\/\/bodegasgarridomedrano.com\/wp\/#website"},"primaryImageOfPage":{"@id":"https:\/\/bodegasgarridomedrano.com\/wp\/vina-avelina-crianza\/#primaryimage"},"image":{"@id":"https:\/\/bodegasgarridomedrano.com\/wp\/vina-avelina-crianza\/#primaryimage"},"thumbnailUrl":"http:\/\/bodegasgarridomedrano.com\/wp\/wp-content\/uploads\/2021\/02\/avelicrianza.jpg","datePublished":"2021-02-14T11:22:11+00:00","dateModified":"2021-02-16T11:43:41+00:00","breadcrumb":{"@id":"https:\/\/bodegasgarridomedrano.com\/wp\/vina-avelina-crianza\/#breadcrumb"},"inLanguage":"es","potentialAction":[{"@type":"ReadAction","target":["https:\/\/bodegasgarridomedrano.com\/wp\/vina-avelina-crianza\/"]}]},{"@type":"ImageObject","inLanguage":"es","@id":"https:\/\/bodegasgarridomedrano.com\/wp\/vina-avelina-crianza\/#primaryimage","url":"https:\/\/bodegasgarridomedrano.com\/wp\/wp-content\/uploads\/2021\/02\/avelicrianza.jpg","contentUrl":"https:\/\/bodegasgarridomedrano.com\/wp\/wp-content\/uploads\/2021\/02\/avelicrianza.jpg","width":330,"height":820},{"@type":"BreadcrumbList","@id":"https:\/\/bodegasgarridomedrano.com\/wp\/vina-avelina-crianza\/#breadcrumb","itemListElement":[{"@type":"ListItem","position":1,"name":"Portada","item":"https:\/\/bodegasgarridomedrano.com\/wp\/"},{"@type":"ListItem","position":2,"name":"Vi\u00f1a Avelina Crianza"}]},{"@type":"WebSite","@id":"https:\/\/bodegasgarridomedrano.com\/wp\/#website","url":"https:\/\/bodegasgarridomedrano.com\/wp\/","name":"Bodegas Garrido Medrano","description":"Rioja","publisher":{"@id":"https:\/\/bodegasgarridomedrano.com\/wp\/#organization"},"potentialAction":[{"@type":"SearchAction","target":{"@type":"EntryPoint","urlTemplate":"https:\/\/bodegasgarridomedrano.com\/wp\/?s={search_term_string}"},"query-input":{"@type":"PropertyValueSpecification","valueRequired":true,"valueName":"search_term_string"}}],"inLanguage":"es"},{"@type":"Organization","@id":"https:\/\/bodegasgarridomedrano.com\/wp\/#organization","name":"Bodegas Garrido Medrano","url":"https:\/\/bodegasgarridomedrano.com\/wp\/","logo":{"@type":"ImageObject","inLanguage":"es","@id":"https:\/\/bodegasgarridomedrano.com\/wp\/#\/schema\/logo\/image\/","url":"http:\/\/bodegasgarridomedrano.com\/wp\/wp-content\/uploads\/2021\/02\/icono2.jpg","contentUrl":"http:\/\/bodegasgarridomedrano.com\/wp\/wp-content\/uploads\/2021\/02\/icono2.jpg","width":248,"height":292,"caption":"Bodegas Garrido Medrano"},"image":{"@id":"https:\/\/bodegasgarridomedrano.com\/wp\/#\/schema\/logo\/image\/"}}]}},"_links":{"self":[{"href":"https:\/\/bodegasgarridomedrano.com\/wp\/wp-json\/wp\/v2\/pages\/87","targetHints":{"allow":["GET"]}}],"collection":[{"href":"https:\/\/bodegasgarridomedrano.com\/wp\/wp-json\/wp\/v2\/pages"}],"about":[{"href":"https:\/\/bodegasgarridomedrano.com\/wp\/wp-json\/wp\/v2\/types\/page"}],"author":[{"embeddable":true,"href":"https:\/\/bodegasgarridomedrano.com\/wp\/wp-json\/wp\/v2\/users\/1"}],"replies":[{"embeddable":true,"href":"https:\/\/bodegasgarridomedrano.com\/wp\/wp-json\/wp\/v2\/comments?post=87"}],"version-history":[{"count":3,"href":"https:\/\/bodegasgarridomedrano.com\/wp\/wp-json\/wp\/v2\/pages\/87\/revisions"}],"predecessor-version":[{"id":94,"href":"https:\/\/bodegasgarridomedrano.com\/wp\/wp-json\/wp\/v2\/pages\/87\/revisions\/94"}],"wp:attachment":[{"href":"https:\/\/bodegasgarridomedrano.com\/wp\/wp-json\/wp\/v2\/media?parent=87"}],"curies":[{"name":"wp","href":"https:\/\/api.w.org\/{rel}","templated":true}]}}

Viña Avelina Crianza

<div class="wp-block-media-text alignwide is-stacked-on-mobile"><figure class="wp-block-media-text__media"><img loading="lazy" decoding="async" width="330" height="820" src="http://bodegasgarridomedrano.com/wp/wp-content/uploads/2021/02/avelicrianza.jpg" alt="" class="wp-image-93 size-full" srcset="https://bodegasgarridomedrano.com/wp/wp-content/uploads/2021/02/avelicrianza.jpg 330w, https://bodegasgarridomedrano.com/wp/wp-content/uploads/2021/02/avelicrianza-121x300.jpg 121w" sizes="auto, (max-width: 330px) 100vw, 330px" /></figure><div class="wp-block-media-text__content">
<p></p>



<p><strong>Variedades</strong>&nbsp;— 85% tempranillo 15% Viura</p>



<p><strong>Grado Alcohólico&nbsp;</strong>— 14<sup>o</sup></p>



<p><strong>Elaboración</strong>:</p>



<p>Utilizamos exclusivamente uvas de&nbsp;Rioja Alavesa, seleccionando la uvas de nuestras mejores fincas.&nbsp;</p>



<p>Elaboramos este vino siguiendo el método de la maceración carbónica seleccionando únicamente la parte central de cada depósito.&nbsp;Descansa durante 12 meses en barrica de roble americano&nbsp;y francés y 6 meses en botella.</p>



<p><strong>Cata:</strong></p>



<p>Color&nbsp;brillante rojo picota con tonos violáceos. En&nbsp;nariz intensidad media-alta con aromas a&nbsp;frutos rojas maduras.&nbsp;En&nbsp;boca&nbsp;se vuelve a percibir el sabor a fruta y regaliz acompañado de una ligera sensación carbónica, con acidez perfecta que aporta frescura y compensa su grado alcohólico, esto hace que sea fácil de beber con entrada suculenta, retrogusto sabroso y persistente.</p>



<p><strong>Temperatura de servicio:</strong>&nbsp;15<sup>o</sup>&nbsp;C a 17<sup>o</sup>&nbsp;C</p>



<p><strong>Oxigenar 30 minutos antes de servir.</strong></p>
</div></div>



<p></p>

<p>Variedades&nbsp;— 85% tempranillo 15% Viura Grado Alcohólico&nbsp;— 14o Elaboración: Utilizamos exclusivamente uvas de&nbsp;Rioja Alavesa, seleccionando la uvas de nuestras mejores fincas.&nbsp; Elaboramos este vino siguiendo el método de la maceración carbónica seleccionando únicamente la parte central de cada depósito.&nbsp;Descansa durante 12 meses en barrica de roble americano&nbsp;y francés y 6 meses en botella. Cata: Color&nbsp;brillante&hellip; </p>

<!-- This site is optimized with the Yoast SEO plugin v27.5 - https://yoast.com/product/yoast-seo-wordpress/ -->
<title>Viña Avelina Crianza - Bodegas Garrido Medrano</title>
<meta name="robots" content="index, follow, max-snippet:-1, max-image-preview:large, max-video-preview:-1" />
<link rel="canonical" href="https://bodegasgarridomedrano.com/wp/vina-avelina-crianza/" />
<meta property="og:locale" content="es_ES" />
<meta property="og:type" content="article" />
<meta property="og:title" content="Viña Avelina Crianza - Bodegas Garrido Medrano" />
<meta property="og:description" content="Variedades&nbsp;— 85% tempranillo 15% Viura Grado Alcohólico&nbsp;— 14o Elaboración: Utilizamos exclusivamente uvas de&nbsp;Rioja Alavesa, seleccionando la uvas de nuestras mejores fincas.&nbsp; Elaboramos este vino siguiendo el método de la maceración carbónica seleccionando únicamente la parte central de cada depósito.&nbsp;Descansa durante 12 meses en barrica de roble americano&nbsp;y francés y 6 meses en botella. Cata: Color&nbsp;brillante&hellip;" />
<meta property="og:url" content="https://bodegasgarridomedrano.com/wp/vina-avelina-crianza/" />
<meta property="og:site_name" content="Bodegas Garrido Medrano" />
<meta property="article:modified_time" content="2021-02-16T11:43:41+00:00" />
<meta property="og:image" content="http://bodegasgarridomedrano.com/wp/wp-content/uploads/2021/02/avelicrianza.jpg" />
<meta name="twitter:card" content="summary_large_image" />
<meta name="twitter:label1" content="Tiempo de lectura" />
	<meta name="twitter:data1" content="1 minuto" />
<script type="application/ld+json" class="yoast-schema-graph">{"@context":"https:\/\/schema.org","@graph":[{"@type":"WebPage","@id":"https:\/\/bodegasgarridomedrano.com\/wp\/vina-avelina-crianza\/","url":"https:\/\/bodegasgarridomedrano.com\/wp\/vina-avelina-crianza\/","name":"Viña Avelina Crianza - Bodegas Garrido Medrano","isPartOf":{"@id":"https:\/\/bodegasgarridomedrano.com\/wp\/#website"},"primaryImageOfPage":{"@id":"https:\/\/bodegasgarridomedrano.com\/wp\/vina-avelina-crianza\/#primaryimage"},"image":{"@id":"https:\/\/bodegasgarridomedrano.com\/wp\/vina-avelina-crianza\/#primaryimage"},"thumbnailUrl":"http:\/\/bodegasgarridomedrano.com\/wp\/wp-content\/uploads\/2021\/02\/avelicrianza.jpg","datePublished":"2021-02-14T11:22:11+00:00","dateModified":"2021-02-16T11:43:41+00:00","breadcrumb":{"@id":"https:\/\/bodegasgarridomedrano.com\/wp\/vina-avelina-crianza\/#breadcrumb"},"inLanguage":"es","potentialAction":[{"@type":"ReadAction","target":["https:\/\/bodegasgarridomedrano.com\/wp\/vina-avelina-crianza\/"]}]},{"@type":"ImageObject","inLanguage":"es","@id":"https:\/\/bodegasgarridomedrano.com\/wp\/vina-avelina-crianza\/#primaryimage","url":"https:\/\/bodegasgarridomedrano.com\/wp\/wp-content\/uploads\/2021\/02\/avelicrianza.jpg","contentUrl":"https:\/\/bodegasgarridomedrano.com\/wp\/wp-content\/uploads\/2021\/02\/avelicrianza.jpg","width":330,"height":820},{"@type":"BreadcrumbList","@id":"https:\/\/bodegasgarridomedrano.com\/wp\/vina-avelina-crianza\/#breadcrumb","itemListElement":[{"@type":"ListItem","position":1,"name":"Portada","item":"https:\/\/bodegasgarridomedrano.com\/wp\/"},{"@type":"ListItem","position":2,"name":"Viña Avelina Crianza"}]},{"@type":"WebSite","@id":"https:\/\/bodegasgarridomedrano.com\/wp\/#website","url":"https:\/\/bodegasgarridomedrano.com\/wp\/","name":"Bodegas Garrido Medrano","description":"Rioja","publisher":{"@id":"https:\/\/bodegasgarridomedrano.com\/wp\/#organization"},"potentialAction":[{"@type":"SearchAction","target":{"@type":"EntryPoint","urlTemplate":"https:\/\/bodegasgarridomedrano.com\/wp\/?s={search_term_string}"},"query-input":{"@type":"PropertyValueSpecification","valueRequired":true,"valueName":"search_term_string"}}],"inLanguage":"es"},{"@type":"Organization","@id":"https:\/\/bodegasgarridomedrano.com\/wp\/#organization","name":"Bodegas Garrido Medrano","url":"https:\/\/bodegasgarridomedrano.com\/wp\/","logo":{"@type":"ImageObject","inLanguage":"es","@id":"https:\/\/bodegasgarridomedrano.com\/wp\/#\/schema\/logo\/image\/","url":"http:\/\/bodegasgarridomedrano.com\/wp\/wp-content\/uploads\/2021\/02\/icono2.jpg","contentUrl":"http:\/\/bodegasgarridomedrano.com\/wp\/wp-content\/uploads\/2021\/02\/icono2.jpg","width":248,"height":292,"caption":"Bodegas Garrido Medrano"},"image":{"@id":"https:\/\/bodegasgarridomedrano.com\/wp\/#\/schema\/logo\/image\/"}}]}</script>
<!-- / Yoast SEO plugin. -->

Viña Avelina Crianza - Bodegas Garrido Medrano

Variedades&nbsp;— 85% tempranillo 15% Viura Grado Alcohólico&nbsp;— 14o Elaboración: Utilizamos exclusivamente uvas de&nbsp;Rioja Alavesa, seleccionando la uvas de nuestras mejores fincas.&nbsp; Elaboramos este vino siguiendo el método de la maceración carbónica seleccionando únicamente la parte central de cada depósito.&nbsp;Descansa durante 12 meses en barrica de roble americano&nbsp;y francés y 6 meses en botella. Cata: Color&nbsp;brillante&hellip;
